{"id":12558,"date":"2025-02-04T20:14:21","date_gmt":"2025-02-04T19:14:21","guid":{"rendered":"https:\/\/hachazuela.com\/?post_type=product&#038;p=12558"},"modified":"2025-02-05T12:49:23","modified_gmt":"2025-02-05T11:49:23","slug":"morter-rustic","status":"publish","type":"product","link":"https:\/\/hachazuela.com\/ca\/producto\/morter-rustic\/","title":{"rendered":"Morter r\u00fastic"},"content":{"rendered":"<p>&nbsp;<\/p>\n<pre id=\"tw-target-text\" class=\"tw-data-text tw-text-large tw-ta\" dir=\"ltr\" data-placeholder=\"Traducci\u00f3n\" data-ved=\"2ahUKEwjv_rLatqyLAxVEfKQEHVVxHDQQ3ewLegQICxAV\" aria-label=\"Texto traducido: Aquest morter de fusta d'olivera est\u00e0 treballat mantenint les formes naturals\r\n\r\n\u00c9s ideal per elaborar salses, pits, adobs\u2026\r\n\r\nLa fusta d'olivera presenta un porus molt ferm i \u00e9s per aix\u00f2 que \u00e9s id\u00f2nia per a la cuina\r\n\r\nEs recomana rentar a m\u00e0\r\n\r\nMides : ?base 14x14x11cm \/\/ Ma\u00e7a 16x4x4 cm\r\n\r\nEl preu \u00e9s per unitat de conjunt\"><span class=\"Y2IQFc\" lang=\"ca\" style=\"font-family: arial, helvetica, sans-serif;\">Aquest morter de fusta d'olivera est\u00e0 treballat mantenint les formes naturals\r\n\r\n\u00c9s ideal per elaborar salses, pits, adobs\u2026\r\n\r\nLa fusta d'olivera presenta un porus molt ferm i \u00e9s per aix\u00f2 que \u00e9s id\u00f2nia per a la cuina\r\n\r\nEs recomana rentar a m\u00e0\r\n\r\nMides : base 14x14x11cm \/\/ Ma\u00e7a 16x4x4 cm\r\n\r\nEl preu \u00e9s per unitat de conjunt<\/span><\/pre>\n","protected":false},"excerpt":{"rendered":"<p><span class=\"Y2IQFc\" lang=\"ca\" style=\"font-family: arial, helvetica, sans-serif;\">Aquest morter de fusta d&#8217;olivera est\u00e0 treballat mantenint les formes naturals <\/span><\/p>\n<p><span class=\"Y2IQFc\" lang=\"ca\" style=\"font-family: arial, helvetica, sans-serif;\">\u00c9s ideal per elaborar salses, pits, adobs\u2026 <\/span><\/p>\n<p><span class=\"Y2IQFc\" lang=\"ca\" style=\"font-family: arial, helvetica, sans-serif;\">La fusta d&#8217;olivera presenta un porus molt ferm i \u00e9s per aix\u00f2 que \u00e9s id\u00f2nia per a la cuina<\/span><\/p>\n","protected":false},"featured_media":12553,"comment_status":"closed","ping_status":"closed","template":"","meta":{"_editorskit_title_hidden":false,"_editorskit_reading_time":0,"_editorskit_is_block_options_detached":false,"_editorskit_block_options_position":"{}","inline_featured_image":false},"product_brand":[],"product_cat":[1117,1861],"product_tag":[],"class_list":{"0":"post-12558","1":"product","2":"type-product","3":"status-publish","4":"has-post-thumbnail","6":"product_cat-cuina","7":"product_cat-estris","9":"first","10":"instock","11":"taxable","12":"shipping-taxable","13":"purchasable","14":"product-type-simple"},"_links":{"self":[{"href":"https:\/\/hachazuela.com\/ca\/wp-json\/wp\/v2\/product\/12558","targetHints":{"allow":["GET"]}}],"collection":[{"href":"https:\/\/hachazuela.com\/ca\/wp-json\/wp\/v2\/product"}],"about":[{"href":"https:\/\/hachazuela.com\/ca\/wp-json\/wp\/v2\/types\/product"}],"replies":[{"embeddable":true,"href":"https:\/\/hachazuela.com\/ca\/wp-json\/wp\/v2\/comments?post=12558"}],"wp:featuredmedia":[{"embeddable":true,"href":"https:\/\/hachazuela.com\/ca\/wp-json\/wp\/v2\/media\/12553"}],"wp:attachment":[{"href":"https:\/\/hachazuela.com\/ca\/wp-json\/wp\/v2\/media?parent=12558"}],"wp:term":[{"taxonomy":"product_brand","embeddable":true,"href":"https:\/\/hachazuela.com\/ca\/wp-json\/wp\/v2\/product_brand?post=12558"},{"taxonomy":"product_cat","embeddable":true,"href":"https:\/\/hachazuela.com\/ca\/wp-json\/wp\/v2\/product_cat?post=12558"},{"taxonomy":"product_tag","embeddable":true,"href":"https:\/\/hachazuela.com\/ca\/wp-json\/wp\/v2\/product_tag?post=12558"}],"curies":[{"name":"wp","href":"https:\/\/api.w.org\/{rel}","templated":true}]}}

Morter rústic

<p>&nbsp;</p>
<pre id="tw-target-text" class="tw-data-text tw-text-large tw-ta" dir="ltr" data-placeholder="Traducción" data-ved="2ahUKEwjv_rLatqyLAxVEfKQEHVVxHDQQ3ewLegQICxAV" aria-label="Texto traducido: Aquest morter de fusta d'olivera està treballat mantenint les formes naturals

És ideal per elaborar salses, pits, adobs…

La fusta d'olivera presenta un porus molt ferm i és per això que és idònia per a la cuina

Es recomana rentar a mà

Mides : ?base 14x14x11cm // Maça 16x4x4 cm

El preu és per unitat de conjunt"><span class="Y2IQFc" lang="ca" style="font-family: arial, helvetica, sans-serif;">Aquest morter de fusta d'olivera està treballat mantenint les formes naturals

És ideal per elaborar salses, pits, adobs…

La fusta d'olivera presenta un porus molt ferm i és per això que és idònia per a la cuina

Es recomana rentar a mà

Mides : base 14x14x11cm // Maça 16x4x4 cm

El preu és per unitat de conjunt</span></pre>

<p><span class="Y2IQFc" lang="ca" style="font-family: arial, helvetica, sans-serif;">Aquest morter de fusta d&#8217;olivera està treballat mantenint les formes naturals </span></p>
<p><span class="Y2IQFc" lang="ca" style="font-family: arial, helvetica, sans-serif;">És ideal per elaborar salses, pits, adobs… </span></p>
<p><span class="Y2IQFc" lang="ca" style="font-family: arial, helvetica, sans-serif;">La fusta d&#8217;olivera presenta un porus molt ferm i és per això que és idònia per a la cuina</span></p>
